{"id":3355,"date":"2017-11-08T03:25:07","date_gmt":"2017-11-08T03:25:07","guid":{"rendered":"http:\/\/www.hungphatland.com\/?page_id=3355"},"modified":"2022-08-26T04:15:41","modified_gmt":"2022-08-26T04:15:41","slug":"cho-thue-chung-cu-center-point-le-van-luong","status":"publish","type":"page","link":"https:\/\/homesland.vn\/blog\/cho-thue-chung-cu-center-point-le-van-luong","title":{"rendered":"Cho thu\u00ea chung c\u01b0 Center Point L\u00ea V\u0103n L\u01b0\u01a1ng"},"content":{"rendered":"<p><span style=\"font-size: 14pt;\"><strong>Cho thu\u00ea chung c\u01b0 Center Point L\u00ea V\u0103n L\u01b0\u01a1ng<\/strong> di\u1ec7n t\u00edch 46m2, 70m2, 90m2 ( 1 &#8211; 3 ph\u00f2ng ng\u1ee7 ). C\u00e1c c\u0103n h\u1ed9 \u0111\u00e3 ho\u00e0n thi\u1ec7n v\u00e0 nh\u1eadn b\u00e0n giao. C\u00f3 th\u1ec3 v\u00e0o \u1edf ngay.<\/span>\u00a0<\/p>\n<div style=\"border: 2px dashed red; margin: 10px 0px; border-radius: 5px; padding: 10px; background-color: #ffffc8;\">\n<p><span style=\"font-size: 14pt;\">H\u00c3Y g\u1ecdi ngay cho ch\u00fang t\u00f4i \u0111\u1ec3 \u0111\u01b0\u1ee3c <strong>T\u01af V\u1ea4N<\/strong> v\u00e0 <strong>XEM C\u0102N H\u1ed8<\/strong> Center Point L\u00ea V\u0103n L\u01b0\u01a1ng :<\/span><\/p>\n<p style=\"text-align: center;\"><span style=\"font-size: 18pt;\"><strong><span style=\"color: #008000;\">HOTLINE:<\/span> <span style=\"color: #ff0000;\">09xx.xxx.xxx<\/span><\/strong><\/span><\/p>\n<p style=\"text-align: center;\"><span style=\"color: #ff0000; font-size: 14pt;\"> <em>( H\u1ed7 tr\u1ee3 t\u01b0 v\u1ea5n kh\u00e1ch h\u00e0ng 24\/7 )<\/em><\/span><\/p>\n<p style=\"text-align: left;\"><span style=\"font-size: 14pt;\"><strong>HomesLand<\/strong> l\u00e0 \u0111\u01a1n v\u1ecb \u0111i \u0111\u1ea7u trong vi\u1ec7c Cho thu\u00ea chung c\u01b0 t\u1ea1i H\u00e0 N\u1ed9i cho c\u00e1c Cty nh\u01b0 Sam Sung, Nitori, e-Litecom, Nippon Konpo VN, \u2026 v\u00e0 c\u00e1c h\u1ed9 gia \u0111\u00ecnh Vi\u1ec7t Nam.<\/span><\/p>\n<h3><span style=\"color: #008000; font-size: 14pt;\"><strong>CH\u00daNG T\u00d4I CAM K\u1ebeT:<\/strong><\/span><\/h3>\n<ul>\n<li><span style=\"font-size: 14pt;\"><em>H\u1ed7 tr\u1ee3 ph\u00e1p l\u00fd &amp; t\u01b0 v\u1ea5n to\u00e0n b\u1ed9 th\u1ee7 t\u1ee5c trong su\u1ed1t qu\u00e1 tr\u00ecnh thu\u00ea.<\/em><\/span><\/li>\n<li><span style=\"font-size: 14pt;\"><em>\u0110\u1ea3m b\u1ea3o gi\u00e1 thu\u00ea c\u0103n h\u1ed9 Center Point r\u1ebb v\u00e0 t\u1ed1t nh\u1ea5t th\u1ecb tr\u01b0\u1eddng.<\/em><\/span><\/li>\n<li><span style=\"font-size: 14pt;\"><em>Mi\u1ec5n ph\u00ed d\u1ecbch v\u1ee5 m\u00f4i gi\u1edbi 100%.<\/em><\/span><\/li>\n<\/ul>\n<\/div>\n<p><span style=\"font-size: 14pt;\">Hi\u1ec7n nay Ch\u00fang t\u00f4i \u0111\u01b0\u1ee3c ch\u1ee7 nh\u00e0 tin t\u01b0\u1edfng &amp; g\u1eedi g\u1eafm cho thu\u00ea h\u01a1n <strong>100 C\u0102N H\u1ed8<\/strong> t\u1ea1i H\u00e0 N\u1ed9i Center Point.<\/span><\/p>\n<p style=\"text-align: center;\"><span style=\"font-size: 14pt; color: #800000;\"><strong>G\u1eccI NGAY CHO CH\u00daNG T\u00d4I \u0110\u1ec2 \u0110\u01af\u1ee2C T\u01af V\u1ea4N V\u00c0 XEM NH\u00c0<\/strong><\/span><\/p>\n<p style=\"text-align: center;\"><span style=\"font-size: 18pt;\"><strong>Hotline: <span style=\"color: #ff0000;\">09xx.xxx.xxx<\/span><\/strong><\/span><\/p>\n<p style=\"text-align: center;\"><span style=\"font-size: 24pt; color: #003366;\"><strong>V\u00ec sao n\u00ean ch\u1ecdn Thu\u00ea chung c\u01b0 Center Point ?<\/strong><\/span><img decoding=\"async\" loading=\"lazy\" class=\"aligncenter size-full wp-image-3088\" src=\"http:\/\/homesland.vn\/blog\/wp-content\/uploads\/2017\/09\/ornament-88LH.png\" alt=\"ornament Center point l\u00ea v\u0103n l\u01b0\u01a1ng\" width=\"434\" height=\"27\" srcset=\"https:\/\/homesland.vn\/blog\/wp-content\/uploads\/2017\/09\/ornament-88LH.png 434w, https:\/\/homesland.vn\/blog\/wp-content\/uploads\/2017\/09\/ornament-88LH-300x19.png 300w\" sizes=\"(max-width: 434px) 100vw, 434px\" \/><\/p>\n<p style=\"text-align: center;\"><img decoding=\"async\" loading=\"lazy\" class=\"aligncenter size-full\" src=\"https:\/\/homesland.vn\/blog\/wp-content\/uploads\/2017\/11\/hanoi-center-point.jpg\" alt=\"hanoi-center-point\" width=\"546\" height=\"386\" \/><\/p>\n<p><span style=\"color: #ff0000;\"><strong>Chung C\u01b0 H\u00e0 N\u1ed9i Center Point<\/strong><\/span><strong>\u00a0<\/strong>bao g\u1ed3m 2 t\u00f2a nh\u00e0 cao 31 t\u1ea7ng v\u1edbi 2 t\u1ea7ng h\u1ea7m li\u00ean th\u00f4ng, cung c\u1ea5p cho th\u1ecb tr\u01b0\u1eddng 360 c\u0103n h\u1ed9 cao c\u1ea5p &#8211; l\u00e0 n\u01a1i \u0111\u00e1ng s\u1ed1ng nh\u1ea5t H\u00e0 N\u1ed9i \u0111\u01b0\u1ee3c Ch\u1ee7 \u0111\u1ea7u t\u01b0 b\u00e0n giao Qu\u00fd 2 n\u0103m 2017.<\/p>\n<p><span style=\"font-size: 14pt; color: #ff0000;\"><strong>V\u1eca TR\u00cd H\u00c0 N\u1ed8I CENTER POINT<\/strong><\/span><\/p>\n<p><strong>D\u1ef1 \u00e1n\u00a0H\u00e0 N\u1ed9i Center Point<\/strong> t\u1ecda l\u1ea1c t\u1ea1i v\u1ecb tr\u00ed \u0111\u1eafc \u0111\u1ecba v\u00e0 \u0111\u1eb9p nh\u1ea5t L\u00ea V\u0103n L\u01b0\u01a1ng ( s\u1ed1 85 L\u00ea V\u0103n L\u01b0\u01a1ng ) \u2013 G\u1ea7n ngay khu \u0111\u00f4 th\u1ecb Trung H\u00f2a Nh\u00e2n Ch\u00ednh, Tr\u01b0\u1eddng chuy\u00ean Amsterdam, M\u1ea7m non qu\u1ed1c t\u1ebf Sao H\u00e0 N\u1ed9i \u2026 \u2013 Trung t\u00e2m mua s\u1eafm Vin Mart, Big C Th\u0103ng Long, \u1ea8m th\u1ef1c L\u00e3 V\u1ecdng &#8230; \u2013 Thu\u1eadn ti\u1ec7n cho l\u01b0u th\u00f4ng: S\u00e2n bay qu\u00f4c t\u1ebf N\u1ed9i b\u00e0i, Trung t\u00e2m H\u00e0 N\u1ed9i, Qu\u1ed1c l\u1ed9 6, \u0110\u01b0\u1eddng tr\u00ean cao &#8230;\u00a0\u00a0<\/p>\n<p style=\"text-align: center;\"><img decoding=\"async\" loading=\"lazy\" class=\"aligncenter size-full\" src=\"https:\/\/homesland.vn\/blog\/wp-content\/uploads\/2017\/11\/hanoi-center-point-vi-tri.png\" alt=\"V\u1ecb tr\u00ed H\u00e0 N\u1ed9i Center point\" width=\"546\" height=\"265\" \/><\/p>\n<p>\n<span style=\"color: #ff0000;\"><strong>Ti\u1ec7n \u00edch \u0111\u1ea1t chu\u1ea9n ch\u1ea5t l\u01b0\u1ee3ng cao nh\u01b0<\/strong><\/span>: b\u1ec3 b\u01a1i, ph\u00f2ng t\u1eadp th\u1ec3 thao \u0111a n\u0103ng, spa, tr\u01b0\u1eddng m\u1eabu gi\u00e1o, si\u00eau th\u1ecb, \u1ea9m th\u1ef1c, r\u1ea1p chi\u1ebfu phim \u2026 c\u0169ng g\u00f3p ph\u1ea7n \u0111\u01b0a\u00a0<strong>H\u00e0 N\u1ed9i Center Point<\/strong> th\u00e0nh m\u1ed9t qu\u1ea7n th\u1ec3 kh\u00e9p k\u00edn v\u1edbi \u0111\u1ea7y \u0111\u1ee7 ti\u1ec7n nghi cao c\u1ea5p cho m\u1ed9t cu\u1ed9c s\u1ed1ng v\u0103n minh v\u00e0 ch\u1ea5t l\u01b0\u1ee3ng t\u1ea1i \u0111\u00e2y.\u00a0<\/p>\n<p style=\"text-align: center;\"><img decoding=\"async\" loading=\"lazy\" class=\"aligncenter size-full\" src=\"https:\/\/homesland.vn\/blog\/wp-content\/uploads\/2017\/11\/tien-ich-thue-can-ho-hanoi-center-point.jpg\" alt=\"ti\u1ec7n \u00edch H\u00e0 n\u1ed9i center point\" width=\"546\" height=\"442\" \/><\/p>\n<p><span style=\"font-size: 18pt;\"><span style=\"color: #ff0000;\"><strong>HOTLINE t\u01b0 v\u1ea5n:<\/strong><\/span> <strong><span style=\"color: #ff0000;\">09xx.xxx.xxx<\/span><\/strong><strong>\u00a0<\/strong><span style=\"color: #008000;\">(Mr. S\u01a1n)<\/span><\/span><\/p>\n<p><strong>Xem th\u00eam c\u00e1c d\u1ef1 \u00e1n Cho thu\u00ea kh\u00e1c c\u1ee7a ch\u00fang t\u00f4i:<\/strong><\/p>\n<blockquote><p><a href=\"http:\/\/homesland.vn\/cho-thue-chung-cu-royal-city-72a-nguyen-trai.html\">Cho thu\u00ea chung c\u01b0 Royal City gi\u00e1 r\u1ebb ch\u1ec9 t\u1eeb 15 &#8211; 20 tri\u1ec7u\/th\u00e1ng<\/a><\/p><\/blockquote>\n","protected":false},"excerpt":{"rendered":"<p>Cho thu\u00ea chung c\u01b0 Center Point L\u00ea V\u0103n L\u01b0\u01a1ng di\u1ec7n t\u00edch 46m2, 70m2, 90m2 ( 1 &#8211; 3 ph\u00f2ng ng\u1ee7 ). C\u00e1c c\u0103n h\u1ed9 \u0111\u00e3 ho\u00e0n thi\u1ec7n v\u00e0 nh\u1eadn b\u00e0n giao. C\u00f3 th\u1ec3 v\u00e0o \u1edf ngay.\u00a0 H\u00c3Y g\u1ecdi ngay cho ch\u00fang t\u00f4i \u0111\u1ec3 \u0111\u01b0\u1ee3c T\u01af V\u1ea4N v\u00e0 XEM C\u0102N H\u1ed8 Center Point L\u00ea V\u0103n L\u01b0\u01a1ng : HOTLINE: 09xx.xxx.xxx ( H\u1ed7 tr\u1ee3 t\u01b0 v\u1ea5n kh\u00e1ch h\u00e0ng 24\/7 ) HomesLand l\u00e0 \u0111\u01a1n v\u1ecb \u0111i \u0111\u1ea7u trong vi\u1ec7c Cho thu\u00ea chung c\u01b0 t\u1ea1i H\u00e0 N\u1ed9i cho c\u00e1c Cty nh\u01b0 Sam Sung, Nitori, e-Litecom, Nippon Konpo VN, \u2026 v\u00e0 c\u00e1c h\u1ed9 gia \u0111\u00ecnh Vi\u1ec7t <\/p>\n","protected":false},"author":3,"featured_media":3382,"parent":0,"menu_order":0,"comment_status":"closed","ping_status":"closed","template":"page-nosidebar.php","meta":[],"yoast_head":"<!-- This site is optimized with the Yoast SEO plugin v19.13 - https:\/\/yoast.com\/wordpress\/plugins\/seo\/ -->\n<title>Cho thu\u00ea chung c\u01b0 Center Point L\u00ea V\u0103n L\u01b0\u01a1ng - Gi\u00e1 ch\u1ec9 10 tri\u1ec7u\/th\u00e1ng<\/title>\n<meta name=\"description\" content=\"H\u00f9ng Ph\u00e1t Land Chuy\u00ean Cho thu\u00ea chung c\u01b0 H\u00e0 N\u1ed9i Center Point L\u00ea V\u0103n l\u01b0\u01a1ng, Di\u1ec7n t\u00edch t\u1eeb 46m2 (1 ng\u1ee7) - 90m2 (3 ng\u1ee7). N\u1ed9i th\u1ea5t \u0110\u1ea7y \u0110\u1ee7, Gi\u00e1 thu\u00ea 10 tri\u1ec7u\/th\u00e1ng\" \/>\n<meta name=\"robots\" content=\"index, follow, max-snippet:-1, max-image-preview:large, max-video-preview:-1\" \/>\n<link rel=\"canonical\" href=\"https:\/\/homesland.vn\/blog\/cho-thue-chung-cu-center-point-le-van-luong\" \/>\n<meta property=\"og:locale\" content=\"vi_VN\" \/>\n<meta property=\"og:type\" content=\"article\" \/>\n<meta property=\"og:title\" content=\"Cho thu\u00ea chung c\u01b0 Center Point L\u00ea V\u0103n L\u01b0\u01a1ng - Gi\u00e1 ch\u1ec9 10 tri\u1ec7u\/th\u00e1ng\" \/>\n<meta property=\"og:description\" content=\"H\u00f9ng Ph\u00e1t Land Chuy\u00ean Cho thu\u00ea chung c\u01b0 H\u00e0 N\u1ed9i Center Point L\u00ea V\u0103n l\u01b0\u01a1ng, Di\u1ec7n t\u00edch t\u1eeb 46m2 (1 ng\u1ee7) - 90m2 (3 ng\u1ee7). N\u1ed9i th\u1ea5t \u0110\u1ea7y \u0110\u1ee7, Gi\u00e1 thu\u00ea 10 tri\u1ec7u\/th\u00e1ng\" \/>\n<meta property=\"og:url\" content=\"https:\/\/homesland.vn\/blog\/cho-thue-chung-cu-center-point-le-van-luong\" \/>\n<meta property=\"og:site_name\" content=\"HOMESLAND\" \/>\n<meta property=\"article:modified_time\" content=\"2022-08-26T04:15:41+00:00\" \/>\n<meta property=\"og:image\" content=\"https:\/\/homesland.vn\/blog\/wp-content\/uploads\/2017\/11\/hanoi-center-point.jpg\" \/>\n\t<meta property=\"og:image:width\" content=\"546\" \/>\n\t<meta property=\"og:image:height\" content=\"386\" \/>\n\t<meta property=\"og:image:type\" content=\"image\/jpeg\" \/>\n<meta name=\"twitter:card\" content=\"summary_large_image\" \/>\n<meta name=\"twitter:label1\" content=\"\u01af\u1edbc t\u00ednh th\u1eddi gian \u0111\u1ecdc\" \/>\n\t<meta name=\"twitter:data1\" content=\"3 ph\u00fat\" \/>\n<script type=\"application\/ld+json\" class=\"yoast-schema-graph\">{\"@context\":\"https:\/\/schema.org\",\"@graph\":[{\"@type\":\"WebPage\",\"@id\":\"https:\/\/homesland.vn\/blog\/cho-thue-chung-cu-center-point-le-van-luong\",\"url\":\"https:\/\/homesland.vn\/blog\/cho-thue-chung-cu-center-point-le-van-luong\",\"name\":\"Cho thu\u00ea chung c\u01b0 Center Point L\u00ea V\u0103n L\u01b0\u01a1ng - Gi\u00e1 ch\u1ec9 10 tri\u1ec7u\/th\u00e1ng\",\"isPartOf\":{\"@id\":\"https:\/\/homesland.vn\/blog\/#website\"},\"datePublished\":\"2017-11-08T03:25:07+00:00\",\"dateModified\":\"2022-08-26T04:15:41+00:00\",\"description\":\"H\u00f9ng Ph\u00e1t Land Chuy\u00ean Cho thu\u00ea chung c\u01b0 H\u00e0 N\u1ed9i Center Point L\u00ea V\u0103n l\u01b0\u01a1ng, Di\u1ec7n t\u00edch t\u1eeb 46m2 (1 ng\u1ee7) - 90m2 (3 ng\u1ee7). N\u1ed9i th\u1ea5t \u0110\u1ea7y \u0110\u1ee7, Gi\u00e1 thu\u00ea 10 tri\u1ec7u\/th\u00e1ng\",\"breadcrumb\":{\"@id\":\"https:\/\/homesland.vn\/blog\/cho-thue-chung-cu-center-point-le-van-luong#breadcrumb\"},\"inLanguage\":\"vi\",\"potentialAction\":[{\"@type\":\"ReadAction\",\"target\":[\"https:\/\/homesland.vn\/blog\/cho-thue-chung-cu-center-point-le-van-luong\"]}]},{\"@type\":\"BreadcrumbList\",\"@id\":\"https:\/\/homesland.vn\/blog\/cho-thue-chung-cu-center-point-le-van-luong#breadcrumb\",\"itemListElement\":[{\"@type\":\"ListItem\",\"position\":1,\"name\":\"Home\",\"item\":\"https:\/\/homesland.vn\/blog\/\"},{\"@type\":\"ListItem\",\"position\":2,\"name\":\"Cho thu\u00ea chung c\u01b0 Center Point L\u00ea V\u0103n L\u01b0\u01a1ng\"}]},{\"@type\":\"WebSite\",\"@id\":\"https:\/\/homesland.vn\/blog\/#website\",\"url\":\"https:\/\/homesland.vn\/blog\/\",\"name\":\"HOMESLAND\",\"description\":\"Real Estale\",\"potentialAction\":[{\"@type\":\"SearchAction\",\"target\":{\"@type\":\"EntryPoint\",\"urlTemplate\":\"https:\/\/homesland.vn\/blog\/?s={search_term_string}\"},\"query-input\":\"required name=search_term_string\"}],\"inLanguage\":\"vi\"}]}<\/script>\n<!-- \/ Yoast SEO plugin. -->","yoast_head_json":{"title":"Cho thu\u00ea chung c\u01b0 Center Point L\u00ea V\u0103n L\u01b0\u01a1ng - Gi\u00e1 ch\u1ec9 10 tri\u1ec7u\/th\u00e1ng","description":"H\u00f9ng Ph\u00e1t Land Chuy\u00ean Cho thu\u00ea chung c\u01b0 H\u00e0 N\u1ed9i Center Point L\u00ea V\u0103n l\u01b0\u01a1ng, Di\u1ec7n t\u00edch t\u1eeb 46m2 (1 ng\u1ee7) - 90m2 (3 ng\u1ee7). N\u1ed9i th\u1ea5t \u0110\u1ea7y \u0110\u1ee7, Gi\u00e1 thu\u00ea 10 tri\u1ec7u\/th\u00e1ng","robots":{"index":"index","follow":"follow","max-snippet":"max-snippet:-1","max-image-preview":"max-image-preview:large","max-video-preview":"max-video-preview:-1"},"canonical":"https:\/\/homesland.vn\/blog\/cho-thue-chung-cu-center-point-le-van-luong","og_locale":"vi_VN","og_type":"article","og_title":"Cho thu\u00ea chung c\u01b0 Center Point L\u00ea V\u0103n L\u01b0\u01a1ng - Gi\u00e1 ch\u1ec9 10 tri\u1ec7u\/th\u00e1ng","og_description":"H\u00f9ng Ph\u00e1t Land Chuy\u00ean Cho thu\u00ea chung c\u01b0 H\u00e0 N\u1ed9i Center Point L\u00ea V\u0103n l\u01b0\u01a1ng, Di\u1ec7n t\u00edch t\u1eeb 46m2 (1 ng\u1ee7) - 90m2 (3 ng\u1ee7). N\u1ed9i th\u1ea5t \u0110\u1ea7y \u0110\u1ee7, Gi\u00e1 thu\u00ea 10 tri\u1ec7u\/th\u00e1ng","og_url":"https:\/\/homesland.vn\/blog\/cho-thue-chung-cu-center-point-le-van-luong","og_site_name":"HOMESLAND","article_modified_time":"2022-08-26T04:15:41+00:00","og_image":[{"width":546,"height":386,"url":"https:\/\/homesland.vn\/blog\/wp-content\/uploads\/2017\/11\/hanoi-center-point.jpg","type":"image\/jpeg"}],"twitter_card":"summary_large_image","twitter_misc":{"\u01af\u1edbc t\u00ednh th\u1eddi gian \u0111\u1ecdc":"3 ph\u00fat"},"schema":{"@context":"https:\/\/schema.org","@graph":[{"@type":"WebPage","@id":"https:\/\/homesland.vn\/blog\/cho-thue-chung-cu-center-point-le-van-luong","url":"https:\/\/homesland.vn\/blog\/cho-thue-chung-cu-center-point-le-van-luong","name":"Cho thu\u00ea chung c\u01b0 Center Point L\u00ea V\u0103n L\u01b0\u01a1ng - Gi\u00e1 ch\u1ec9 10 tri\u1ec7u\/th\u00e1ng","isPartOf":{"@id":"https:\/\/homesland.vn\/blog\/#website"},"datePublished":"2017-11-08T03:25:07+00:00","dateModified":"2022-08-26T04:15:41+00:00","description":"H\u00f9ng Ph\u00e1t Land Chuy\u00ean Cho thu\u00ea chung c\u01b0 H\u00e0 N\u1ed9i Center Point L\u00ea V\u0103n l\u01b0\u01a1ng, Di\u1ec7n t\u00edch t\u1eeb 46m2 (1 ng\u1ee7) - 90m2 (3 ng\u1ee7). N\u1ed9i th\u1ea5t \u0110\u1ea7y \u0110\u1ee7, Gi\u00e1 thu\u00ea 10 tri\u1ec7u\/th\u00e1ng","breadcrumb":{"@id":"https:\/\/homesland.vn\/blog\/cho-thue-chung-cu-center-point-le-van-luong#breadcrumb"},"inLanguage":"vi","potentialAction":[{"@type":"ReadAction","target":["https:\/\/homesland.vn\/blog\/cho-thue-chung-cu-center-point-le-van-luong"]}]},{"@type":"BreadcrumbList","@id":"https:\/\/homesland.vn\/blog\/cho-thue-chung-cu-center-point-le-van-luong#breadcrumb","itemListElement":[{"@type":"ListItem","position":1,"name":"Home","item":"https:\/\/homesland.vn\/blog\/"},{"@type":"ListItem","position":2,"name":"Cho thu\u00ea chung c\u01b0 Center Point L\u00ea V\u0103n L\u01b0\u01a1ng"}]},{"@type":"WebSite","@id":"https:\/\/homesland.vn\/blog\/#website","url":"https:\/\/homesland.vn\/blog\/","name":"HOMESLAND","description":"Real Estale","potentialAction":[{"@type":"SearchAction","target":{"@type":"EntryPoint","urlTemplate":"https:\/\/homesland.vn\/blog\/?s={search_term_string}"},"query-input":"required name=search_term_string"}],"inLanguage":"vi"}]}},"_links":{"self":[{"href":"https:\/\/homesland.vn\/blog\/wp-json\/wp\/v2\/pages\/3355"}],"collection":[{"href":"https:\/\/homesland.vn\/blog\/wp-json\/wp\/v2\/pages"}],"about":[{"href":"https:\/\/homesland.vn\/blog\/wp-json\/wp\/v2\/types\/page"}],"author":[{"embeddable":true,"href":"https:\/\/homesland.vn\/blog\/wp-json\/wp\/v2\/users\/3"}],"replies":[{"embeddable":true,"href":"https:\/\/homesland.vn\/blog\/wp-json\/wp\/v2\/comments?post=3355"}],"version-history":[{"count":35,"href":"https:\/\/homesland.vn\/blog\/wp-json\/wp\/v2\/pages\/3355\/revisions"}],"predecessor-version":[{"id":8938,"href":"https:\/\/homesland.vn\/blog\/wp-json\/wp\/v2\/pages\/3355\/revisions\/8938"}],"wp:featuredmedia":[{"embeddable":true,"href":"https:\/\/homesland.vn\/blog\/wp-json\/wp\/v2\/media\/3382"}],"wp:attachment":[{"href":"https:\/\/homesland.vn\/blog\/wp-json\/wp\/v2\/media?parent=3355"}],"curies":[{"name":"wp","href":"https:\/\/api.w.org\/{rel}","templated":true}]}}