{"id":3065,"date":"2017-09-15T05:33:35","date_gmt":"2017-09-15T05:33:35","guid":{"rendered":"http:\/\/www.hungphatland.com\/?page_id=3065"},"modified":"2022-07-04T14:21:30","modified_gmt":"2022-07-04T14:21:30","slug":"cho-thue-chung-cu-88-lang-ha","status":"publish","type":"page","link":"https:\/\/homesland.vn\/blog\/cho-thue-chung-cu-88-lang-ha","title":{"rendered":"Cho thu\u00ea chung c\u01b0 88 L\u00e1ng H\u1ea1"},"content":{"rendered":"<p><span style=\"color: #333333; font-size: 14pt;\"><span style=\"font-family: arial, sans-serif;\">HOMESLAND \u0111ang c\u1ea7n <strong>cho thu\u00ea chung c\u01b0 88 L\u00e1ng H\u1ea1<\/strong> &#8211; Sky City Tower.\u00a0<\/span><span style=\"font-family: arial, sans-serif;\">Khu c\u0103n h\u1ed9 88 L\u00e1ng H\u1ea1 g\u1ed3m 2 t\u00f2a th\u00e1p A &amp; B v\u1edbi c\u00e1c di\u1ec7n t\u00edch: 101m2 &#8211; 108m2 &#8211; 112m2 &#8211; 139m2 &#8211; 145m2 &#8211; 172m2.\u00a0<\/span><\/span><\/p>\n<div><span style=\"color: #333333; font-family: arial, sans-serif; font-size: 14pt;\">Khu c\u0103n h\u1ed9 c\u00f3 \u0111\u1ea7y \u0111\u1ee7 c\u00e1c d\u1ecbch v\u1ee5 \u0111i k\u00e8m nh\u01b0 Ng\u00e2n h\u00e0ng, Spa, b\u1ec3 b\u01a1i, ph\u00f2ng t\u1eadp, s\u00e2n ch\u01a1i cho tr\u1ebb em, h\u1ea7m g\u1eedi xe \u00f4 t\u00f4\u2026<\/span><\/div>\n<div>\u00a0<\/div>\n<div style=\"text-align: center;\"><span style=\"font-size: 18pt; color: #003366;\"><strong>G\u1eccI NGAY CHO CH\u00daNG T\u00d4I \u0110\u1ec2 \u0110\u01af\u1ee2C T\u01af V\u1ea4N V\u00c0 XEM \u00a0NH\u00c0:<\/strong><\/span><\/div>\n<p>&nbsp;<\/p>\n<p style=\"text-align: center;\" data-tadv-p=\"keep\"><span style=\"font-size: 18pt;\"><span style=\"color: #ff0000;\">HOTLINE:<\/span> <strong><span style=\"color: #ff0000;\">09xx.xxx.xxx<\/span><\/strong>\u00a0<span style=\"color: #008000;\"><em>(H\u1ed7 tr\u1ee3 t\u01b0 v\u1ea5n 24\/7)<\/em><\/span><\/span><\/p>\n<h2><span style=\"font-size: 14pt; color: #003366;\"><strong>DANH S\u00c1CH C\u0102N H\u1ed8 88 L\u00c1NG CH\u1ee6 NH\u00c0 G\u1eecI CHO THU\u00ca:<\/strong><\/span><\/h2>\n<p><img decoding=\"async\" loading=\"lazy\" class=\"alignleft size-large wp-image-3091\" src=\"http:\/\/homesland.vn\/blog\/wp-content\/uploads\/2017\/09\/tittle-vinhomes-1024x19.png\" alt=\"\" width=\"806\" height=\"15\" srcset=\"https:\/\/homesland.vn\/blog\/wp-content\/uploads\/2017\/09\/tittle-vinhomes-1024x19.png 1024w, https:\/\/homesland.vn\/blog\/wp-content\/uploads\/2017\/09\/tittle-vinhomes-300x6.png 300w, https:\/\/homesland.vn\/blog\/wp-content\/uploads\/2017\/09\/tittle-vinhomes-768x14.png 768w, https:\/\/homesland.vn\/blog\/wp-content\/uploads\/2017\/09\/tittle-vinhomes.png 1600w\" sizes=\"(max-width: 806px) 100vw, 806px\" \/><\/p>\n\n<table id=\"tablepress-14\" class=\"tablepress tablepress-id-14\">\n<thead>\n<tr class=\"row-1 odd\">\n\t<th class=\"column-1\">C\u0102N H\u1ed8 TH\u00c1P A<\/th><th class=\"column-2\">C\u0102N H\u1ed8 TH\u00c1P B<\/th>\n<\/tr>\n<\/thead>\n<tbody>\n<tr class=\"row-2 even\">\n\t<td class=\"column-1\"><strong>Cho thu\u00ea c\u0103n h\u1ed9 chung c\u01b0 88 L\u00e1ng h\u1ea1 di\u1ec7n t\u00edch 112m2 th\u00e1p A \u0111\u1ee7 \u0111\u1ed3 \u0111\u1ea1c trang thi\u1ebft b\u1ecb - nh\u00e0 \u0111\u1eb9p <\/strong><br \/>\n+ Di\u1ec7n t\u00edch : 112m2, th\u00e1p A - chung c\u01b0 Sky City Tower ; <br \/>\n+ Thi\u1ebft k\u1ebf : 2 ph\u00f2ng ng\u1ee7, 2 v\u1ec7 sinh, 1 ph\u00f2ng kh\u00e1ch v\u00e0 1 ph\u00f2ng b\u1ebfp ; <br \/>\n+ C\u0103n h\u1ed9 \u0111\u01b0\u1ee3c trang b\u1ecb \u0111\u1ee7 \u0111\u1ed3 : Gi\u01b0\u1eddng, t\u1ee7 l\u1ea1nh, m\u00e1y gi\u1eb7t, tivi, l\u00f2 vi s\u00f3ng, sofa, b\u00e0n \u0103n, .... ; <br \/>\n<span style=\"color: #ff0000;\">+ Gi\u00e1 cho thu\u00ea : 1000 $\/th\u00e1ng ;<\/span><br \/>\n<img src=\"https:\/\/homesland.vn\/blog\/wp-content\/uploads\/2017\/09\/88-lang-ha-1-1.jpg\" alt=\"\" width=\"200\" height=\"133\" class=\"aligncenter size-full wp-image-3074\" \/><\/td><td class=\"column-2\"><strong>Cho thu\u00ea c\u0103n h\u1ed9 chung c\u01b0 88 L\u00e1ng H\u1ea1 Sky City di\u1ec7n t\u00edch 112m2 - 2 ph\u00f2ng ng\u1ee7 \u0111\u1ee7 \u0111\u1ed3 th\u00e1p A<\/strong> <br \/>\n+ Di\u1ec7n t\u00edch : 112m2, th\u00e1p A - chung c\u01b0 Sky City Tower ;<br \/>\n+ Thi\u1ebft k\u1ebf : 2 ph\u00f2ng ng\u1ee7, 2 v\u1ec7 sinh, 1 ph\u00f2ng kh\u00e1ch v\u00e0 1 ph\u00f2ng b\u1ebfp ;<br \/>\n+ C\u0103n h\u1ed9 \u0111\u01b0\u1ee3c trang b\u1ecb \u0111\u1ee7 \u0111\u1ed3 : Gi\u01b0\u1eddng, t\u1ee7 l\u1ea1nh, m\u00e1y gi\u1eb7t, tivi, l\u00f2 vi s\u00f3ng, sofa, b\u00e0n \u0103n, .... ;<br \/>\n<span style=\"color: #ff0000;\">+ Gi\u00e1 cho thu\u00ea : 1000 $\/th\u00e1ng ;<\/span><br \/>\n<img src=\"https:\/\/homesland.vn\/blog\/wp-content\/uploads\/2017\/09\/88-lang-ha-2-1.jpg\" alt=\"\" width=\"200\" height=\"150\" class=\"aligncenter size-full wp-image-3075\" \/><br \/>\n<\/td>\n<\/tr>\n<tr class=\"row-3 odd\">\n\t<td class=\"column-1\"><strong>Cho thu\u00ea c\u0103n h\u1ed9 chung c\u01b0 88 L\u00e1ng H\u1ea1 Sky City di\u1ec7n t\u00edch 112m2 th\u00e1p A \u0111\u1ee7 \u0111\u1ed3 2 ph\u00f2ng ng\u1ee7<\/strong><br \/>\n+ Di\u1ec7n t\u00edch : 112m2, th\u00e1p A - chung c\u01b0 Sky City Tower ;<br \/>\n+ Thi\u1ebft k\u1ebf : 2 ph\u00f2ng ng\u1ee7, 2 v\u1ec7 sinh, 1 ph\u00f2ng kh\u00e1ch v\u00e0 1 ph\u00f2ng b\u1ebfp ;<br \/>\n+ C\u0103n h\u1ed9 \u0111\u01b0\u1ee3c trang b\u1ecb \u0111\u1ee7 \u0111\u1ed3 : Gi\u01b0\u1eddng, t\u1ee7 l\u1ea1nh, m\u00e1y gi\u1eb7t, tivi, l\u00f2 vi s\u00f3ng, sofa, b\u00e0n \u0103n, .... ;<br \/>\n<span style=\"color: #ff0000;\">+ Gi\u00e1 cho thu\u00ea : 1000 $\/th\u00e1ng ;<\/span><br \/>\n<img src=\"https:\/\/homesland.vn\/blog\/wp-content\/uploads\/2017\/09\/88-lang-ha-3-1.jpg\" alt=\"\" width=\"200\" height=\"149\" class=\"aligncenter size-full wp-image-3076\" \/><br \/>\n<\/td><td class=\"column-2\"><strong>Cho thu\u00ea c\u0103n h\u1ed9 chung c\u01b0 88 L\u00e1ng H\u1ea1 di\u1ec7n t\u00edch 132m2 - 2 ph\u00f2ng ng\u1ee7 \u0111\u1ee7 \u0111\u1ed3<\/strong> <br \/>\n+ Di\u1ec7n t\u00edch : 132m2, th\u00e1p A chung c\u01b0 Sky City 88 L\u00e1ng H\u1ea1 ;<br \/>\n+ Thi\u1ebft k\u1ebf : 2 ph\u00f2ng ng\u1ee7, 2 v\u1ec7 sinh, 1 ph\u00f2ng kh\u00e1ch v\u00e0 1 ph\u00f2ng b\u1ebfp ;<br \/>\n+ C\u0103n h\u1ed9 c\u00f3 \u0111i\u1ec1u h\u00f2a, n\u00f3ng l\u1ea1nh, s\u00e0n g\u1ed7, gi\u01b0\u1eddng, t\u1ee7, tivi, m\u00e1y gi\u1eb7t, l\u00f2 vi s\u00f3ng, b\u00e0n \u0103n, sofa, ... ;<br \/>\n<span style=\"color: #ff0000;\">+ Gi\u00e1 cho thu\u00ea : 20 tri\u1ec7u\/th\u00e1ng ;<\/span><br \/>\n<img src=\"https:\/\/homesland.vn\/blog\/wp-content\/uploads\/2017\/09\/88-lang-ha-4-1.jpg\" alt=\"\" width=\"200\" height=\"149\" class=\"aligncenter size-full wp-image-3077\" \/><br \/>\n<\/td>\n<\/tr>\n<tr class=\"row-4 even\">\n\t<td class=\"column-1\"><strong>Cho thu\u00ea chung c\u01b0 88 L\u00e1ng H\u1ea1 Sky City Tower di\u1ec7n t\u00edch 112m2 \u0111\u1ee7 \u0111\u1ed3 2 ph\u00f2ng ng\u1ee7 th\u00e1p A <\/strong><br \/>\n+ Di\u1ec7n t\u00edch : 112m2, th\u00e1p A t\u1ea7ng 22 chung c\u01b0 88 L\u00e1ng H\u1ea1;<br \/>\n+ Thi\u1ebft k\u1ebf : 2 ph\u00f2ng ng\u1ee7, 2 v\u1ec7 sinh, 1 ph\u00f2ng kh\u00e1ch v\u00e0 1 ph\u00f2ng b\u1ebfp ; <br \/>\n+ C\u0103n h\u1ed9 \u0111\u1ee7 \u0111\u1ed3 \u0111\u1ea1c: gi\u01b0\u1eddng, t\u1ee7, tivi, b\u00e0n \u0103n, sofa, t\u1ee7 l\u1ea1nh, m\u00e1y gi\u1eb7t, .... ; <br \/>\n<span style=\"color: #ff0000;\">+ Gi\u00e1 cho thu\u00ea : 1000$\/th\u00e1ng ;<span><br \/>\n<img src=\"https:\/\/homesland.vn\/blog\/wp-content\/uploads\/2017\/09\/88-lang-ha-5-1.jpg\" alt=\"\" width=\"200\" height=\"150\" class=\"aligncenter size-full wp-image-3078\" \/><br \/>\n<\/td><td class=\"column-2\"><strong>Cho thu\u00ea c\u0103n h\u1ed9 chung c\u01b0 Sky City 88 L\u00e1ng H\u1ea1 139m2 \u0111\u1ee7 \u0111\u1ed3 3 ph\u00f2ng ng\u1ee7<\/strong><br \/>\n+ Di\u1ec7n t\u00edch : 139m2, th\u00e1p A - chung c\u01b0 Sky City Tower 88 L\u00e1ng H\u1ea1 ;<br \/>\n+ Thi\u1ebft k\u1ebf : 3 ph\u00f2ng ng\u1ee7, 2 v\u1ec7 sinh, 1 ph\u00f2ng kh\u00e1ch v\u00e0 1 ph\u00f2ng b\u1ebfp ;<br \/>\n+ C\u0103n h\u1ed9 \u0111\u1ea7y \u0111\u1ee7 \u0111\u1ed3 \u0111\u1ea1c: Gi\u01b0\u1eddng, t\u1ee7, tivi, m\u00e1y gi\u1eb7t, t\u1ee7 l\u1ea1nh, sofa, b\u00e0n \u0103n, ....<br \/>\n<span style=\"color: #ff0000;\">+ Gi\u00e1 cho thu\u00ea : 1200 USD\/th\u00e1ng ;<span><br \/>\n<img src=\"https:\/\/homesland.vn\/blog\/wp-content\/uploads\/2017\/09\/88-lang-ha-6-1.jpg\" alt=\"\" width=\"200\" height=\"150\" class=\"aligncenter size-full wp-image-3079\" \/><br \/>\n<\/td>\n<\/tr>\n<tr class=\"row-5 odd\">\n\t<td class=\"column-1\"><strong>Cho thu\u00ea c\u0103n h\u1ed9 chung c\u01b0 Sky City 88 L\u00e1ng H\u1ea1 di\u1ec7n t\u00edch 144m2 3 ph\u00f2ng ng\u1ee7 \u0111\u1ee7 \u0111\u1ed3<\/strong> <br \/>\n+ Di\u1ec7n t\u00edch : 144m2, t\u1ea7ng 15, th\u00e1p B - chung c\u01b0 Sky City Tower ; <br \/>\n+ Thi\u1ebft k\u1ebf : 3 ph\u00f2ng ng\u1ee7, 2 v\u1ec7 sinh, 1 kh\u00e1ch v\u00e0 1 b\u1ebfp ; + C\u0103n h\u1ed9 \u0111\u01b0\u1ee3c trang b\u1ecb \u0111\u1ee7 \u0111\u1ed3 : gi\u01b0\u1eddng, t\u1ee7, tivi, m\u00e1y gi\u1eb7t, t\u1ee7 l\u1ea1nh, sofa, b\u00e0n \u0103n, .... ; <br \/>\n<span style=\"color: #ff0000;\">+ Gi\u00e1 cho thu\u00ea : 1100USD\/th\u00e1ng ;<\/span><br \/>\n<img src=\"https:\/\/homesland.vn\/blog\/wp-content\/uploads\/2017\/09\/88-lang-ha-7.jpg\" alt=\"\" width=\"200\" height=\"150\" class=\"aligncenter size-full wp-image-3080\" \/><br \/>\n<\/td><td class=\"column-2\"><strong>Cho thu\u00ea c\u0103n h\u1ed9 chung c\u01b0 Sky City 88 L\u00e1ng H\u1ea1 di\u1ec7n t\u00edch 108m2 2 ph\u00f2ng ng\u1ee7 \u0111\u1ee7 \u0111\u1ed3<\/strong> <br \/>\n+ Di\u1ec7n t\u00edch : 108m2, th\u00e1p B, c\u0103n s\u1ed1 06 t\u1ea7ng 17 - chung c\u01b0 Sky City 88 L\u00e1ng H\u1ea1 ; <br \/>\n+ Thi\u1ebft k\u1ebf : 02 ph\u00f2ng ng\u1ee7, 02 v\u1ec7 sinh, 01 kh\u00e1ch v\u00e0 01 b\u1ebfp ; <br \/>\n+ C\u0103n h\u1ed9 c\u00f3 : \u0111i\u1ec1u h\u00f2a, n\u00f3ng l\u1ea1nh, s\u00e0n g\u1ed7, gi\u01b0\u1eddng, t\u1ee7, tivi, sofa, b\u00e0n \u0103n, ... ( full option ) ; <br \/>\n<span style=\"color: #ff0000;\">+ Gi\u00e1 cho thu\u00ea : 1000 USD\/th\u00e1ng ;<\/span><br \/>\n<img src=\"https:\/\/homesland.vn\/blog\/wp-content\/uploads\/2017\/09\/88-lang-ha-8.jpg\" alt=\"\" width=\"200\" height=\"150\" class=\"aligncenter size-full wp-image-3081\" \/><\/td>\n<\/tr>\n<tr class=\"row-6 even\">\n\t<td class=\"column-1\"><strong>Cho thu\u00ea c\u0103n h\u1ed9 chung c\u01b0 Sky City 88 L\u00e1ng H\u1ea1 144m2 3 ph\u00f2ng ng\u1ee7 \u0111\u1ee7 \u0111\u1ed3<\/strong> <br \/>\n+ Di\u1ec7n t\u00edch : 144m2, th\u00e1p B - chung c\u01b0 Sky City Tower ; <br \/>\n+ Thi\u1ebft k\u1ebf : 3 ph\u00f2ng ng\u1ee7, 2 v\u1ec7 sinh, 1 kh\u00e1ch v\u00e0 1 b\u1ebfp ; + C\u0103n h\u1ed9 \u0111\u01b0\u1ee3c trang b\u1ecb \u0111\u1ee7 \u0111\u1ed3 : gi\u01b0\u1eddng, t\u1ee7, tivi, m\u00e1y gi\u1eb7t, t\u1ee7 l\u1ea1nh, sofa, b\u00e0n \u0103n, .... ; <br \/>\n<span style=\"color: #ff0000;\">+ Gi\u00e1 cho thu\u00ea : 1100USD\/th\u00e1ng ;<\/span><br \/>\n<img src=\"https:\/\/homesland.vn\/blog\/wp-content\/uploads\/2017\/09\/88-lang-ha-6-1.jpg\" alt=\"\" width=\"200\" height=\"150\" class=\"aligncenter size-full wp-image-3079\" \/><br \/>\n<\/td><td class=\"column-2\"><strong>Cho thu\u00ea c\u0103n h\u1ed9 chung c\u01b0 88 L\u00e1ng H\u1ea1 Sky City Tower di\u1ec7n t\u00edch 172m2 th\u00e1p B 3 ph\u00f2ng ng\u1ee7 \u0111\u1ee7 \u0111\u1ed3<\/strong><br \/>\n+ Di\u1ec7n t\u00edch : 172m2, th\u00e1p B - Sky City Tower ;<br \/>\n+ Thi\u1ebft k\u1ebf : 3 ph\u00f2ng ng\u1ee7, 3 v\u1ec7 sinh, 1 ph\u00f2ng kh\u00e1ch v\u00e0 1 ph\u00f2ng b\u1ebfp ;<br \/>\n+ C\u0103n h\u1ed9 \u0111\u01b0\u1ee3c trang b\u1ecb \u0111\u1ee7 \u0111\u1ed3 : Gi\u01b0\u1eddng, t\u1ee7 l\u1ea1nh, m\u00e1y gi\u1eb7t, b\u00e0n \u0103n, sofa, tivi, l\u00f2 vi s\u00f3ng, ... ;<br \/>\n<span style=\"color: #ff0000;\">+ Gi\u00e1 cho thu\u00ea : 1200$\/th\u00e1ng ;<\/span><br \/>\n<img src=\"https:\/\/homesland.vn\/blog\/wp-content\/uploads\/2017\/09\/88-lang-ha-1-1.jpg\" alt=\"\" width=\"200\" height=\"133\" class=\"aligncenter size-full wp-image-3074\" \/><\/td>\n<\/tr>\n<tr class=\"row-7 odd\">\n\t<td class=\"column-1\"><strong>C\u0103n h\u1ed9 88 L\u00e1ng H\u1ea1 - Sky City 101m2 th\u00e1p B (kh\u00f4ng \u0111\u1ed3)<\/strong><br \/>\n+ Di\u1ec7n t\u00edch 101 m2, t\u1ea7ng 10 ;<br \/>\n+ S\u1ed1 ph\u00f2ng ng\u1ee7 : 2 ph\u00f2ng ng\u1ee7, 2 ph\u1ee5 ;<br \/>\n+ S\u00e0n g\u1ed7, t\u1ee7 b\u1ebfp, \u0111i\u1ec1u h\u00f2a, t\u1ee7 \u00e2m t\u01b0\u1eddng ; <br \/>\n<span style=\"color: #ff0000;\">+ Gi\u00e1 thu\u00ea $800\/ th\u00e1ng.<\/span><br \/>\n<img src=\"https:\/\/homesland.vn\/blog\/wp-content\/uploads\/2017\/09\/88-lang-ha-3-1.jpg\" alt=\"\" width=\"200\" height=\"149\" class=\"aligncenter size-full wp-image-3076\" \/><br \/>\n<\/td><td class=\"column-2\"><strong>Chung c\u01b0 88 L\u00e1ng H\u1ea1 - Sky City 108m2 th\u00e1p B ( \u0111\u1ee7 \u0111\u1ed3 )<\/strong><br \/>\n+ Di\u1ec7n t\u00edch 108m2, t\u1ea7ng 14 ;<br \/>\n+ S\u1ed1 ph\u00f2ng : 2 ph\u00f2ng ng\u1ee7, 2 ph\u1ee5 ;<br \/>\n+ \u0110\u1ea7y \u0111\u1ee7 n\u1ed9i th\u1ea5t: tivi, sofa, t\u1ee7 l\u1ea1nh, m\u00e1y gi\u1eb7t, gi\u01b0\u1eddng t\u1ee7\u2026 <br \/>\n<span style=\"color: #ff0000;\">+ Gi\u00e1 thu\u00ea $950\/th\u00e1ng.<\/span><br \/>\n<img src=\"https:\/\/homesland.vn\/blog\/wp-content\/uploads\/2017\/09\/88-lang-ha-5-1.jpg\" alt=\"\" width=\"200\" height=\"150\" class=\"aligncenter size-full wp-image-3078\" \/><br \/>\n<\/td>\n<\/tr>\n<tr class=\"row-8 even\">\n\t<td class=\"column-1\"><strong>Chung c\u01b0 Sky City - 88 L\u00e1ng H\u1ea1 112m2 th\u00e1p B ( \u0111\u1ee7 \u0111\u1ed3 )<\/strong><br \/>\n+ Di\u1ec7n t\u00edch 112m, t\u1ea7ng 15 ;<br \/>\n+ S\u1ed1 ph\u00f2ng : 2 ph\u00f2ng ng\u1ee7, 2 wc ;<br \/>\n+ \u0110\u1ea7y \u0111\u1ee7 n\u1ed9i th\u1ea5t : tivi, gi\u01b0\u1eddng, t\u1ee7, m\u00e1y gi\u1eb7t, sofa, ...<br \/>\n<span style=\"color: #ff0000;\">+ Gi\u00e1 thu\u00ea $1000\/th\u00e1ng.<\/span><br \/>\n<img src=\"https:\/\/homesland.vn\/blog\/wp-content\/uploads\/2017\/09\/88-lang-ha-8.jpg\" alt=\"\" width=\"200\" height=\"150\" class=\"aligncenter size-full wp-image-3081\" \/><\/td><td class=\"column-2\"><strong>Chung c\u01b0 Sky City 88 L\u00e1ng H\u1ea1 139m2 th\u00e1p A ( \u0111\u1ee7 \u0111\u1ed3 )<\/strong><br \/>\n+ T\u1ea7ng 25, di\u1ec7n t\u00edch 139 m ; <br \/>\n+ S\u1ed1 ph\u00f2ng ng\u1ee7 ; 3pn, c\u0103n g\u00f3c ; <br \/>\n+ Ban c\u00f4ng view L\u00e1ng H\u1ea1 + L\u00e1ng ; <br \/>\n+ \u0110\u1ea7y \u0111\u1ee7 ti\u1ec7n nghi : tivi, gi\u01b0\u1eddng, t\u1ee7, m\u00e1y gi\u1eb7t, sofa, ... <br \/>\n<span style=\"color: #ff0000;\">+ Gi\u00e1 thu\u00ea $1200\/th\u00e1ng.<\/span><br \/>\n<img src=\"https:\/\/homesland.vn\/blog\/wp-content\/uploads\/2017\/09\/88-lang-ha-7.jpg\" alt=\"\" width=\"200\" height=\"150\" class=\"aligncenter size-full wp-image-3080\" \/><br \/>\n<\/td>\n<\/tr>\n<tr class=\"row-9 odd\">\n\t<td class=\"column-1\"><strong>Chung c\u01b0 Sky City - 88 L\u00e1ng H\u1ea1 145m2 th\u00e1p B ( \u0111\u1ee7 \u0111\u1ed3 )<\/strong><br \/>\n+ T\u1ea7ng 12, di\u1ec7n t\u00edch 145m ;<br \/>\n+ S\u1ed1 ph\u00f2ng ng\u1ee7 : 3pn, ph\u00f2ng kh\u00e1ch r\u1ed9ng ;<br \/>\n+ N\u1ed9i th\u1ea5t sang tr\u1ecdng ;<br \/>\n<span style=\"color: #ff0000;\">+ Gi\u00e1 thu\u00ea $1300\/th\u00e1ng.<\/span><br \/>\n<img src=\"https:\/\/homesland.vn\/blog\/wp-content\/uploads\/2017\/09\/88-lang-ha-6-1.jpg\" alt=\"\" width=\"200\" height=\"150\" class=\"aligncenter size-full wp-image-3079\" \/><br \/>\n<br \/>\n<\/td><td class=\"column-2\"><strong>Chung c\u01b0 Sky City - 88 L\u00e1ng H\u1ea1 172m2 th\u00e1p B ( \u0111\u1ee7 \u0111\u1ed3 )<\/strong><br \/>\n+ T\u1ea7ng 20, di\u1ec7n t\u00edch 172m ;<br \/>\n+ S\u1ed1 ph\u00f2ng ng\u1ee7 : 3pn, 2wc ;<br \/>\n+ N\u1ed9i th\u1ea5t: Tivi, sofa, b\u00e0n \u0103n, t\u1ee7 l\u1ea1nh, m\u00e1y gi\u1eb7t, gi\u01b0\u1eddng t\u1ee7, ch\u0103n ga g\u1ed1i \u0111\u1ec7m\u2026 <br \/>\n<span style=\"color: #ff0000;\">+ Gi\u00e1 cho thu\u00ea $1500\/ th\u00e1ng<\/span><br \/>\n<img src=\"https:\/\/homesland.vn\/blog\/wp-content\/uploads\/2017\/09\/88-lang-ha-3-1.jpg\" alt=\"\" width=\"200\" height=\"149\" class=\"aligncenter size-full wp-image-3076\" \/><br \/>\n<\/td>\n<\/tr>\n<tr class=\"row-10 even\">\n\t<td class=\"column-1\"><strong>C\u0103n h\u1ed9: 101m2, t\u1ea7ng 7, 11, 18 ( \u0111\u1ee7 \u0111\u1ed3 ) :<\/strong><br \/>\n+ S\u1ed1 ph\u00f2ng : 2 ph\u00f2ng ng\u1ee7<br \/>\n+ N\u1ed9i th\u1ea5t x\u1ecbn, phong c\u00e1ch Ch\u00e2u \u00c2u: Tivi LCD, Sofa, B\u00e0n gh\u1ebf, gi\u01b0\u1eddng, T\u1ee7 l\u1ea1nh side by side, M\u00e1y gi\u1eb7t Electrolux, l\u00f2 vi song\u2026.<br \/>\n<span style=\"color: #ff0000;\">+ Gi\u00e1 cho thu\u00ea: 900 USD\/ th\u00e1ng.<\/span><br \/>\n<img class=\"aligncenter size-full wp-image-3075\" src=\"https:\/\/homesland.vn\/blog\/wp-content\/uploads\/2017\/09\/88-lang-ha-2-1.jpg\" alt=\"\" width=\"200\" height=\"150\" \/><\/td><td class=\"column-2\"><strong>C\u0103n h\u1ed9: 112m2, t\u1ea7ng 8, 19, 23 ( \u0111\u1ee7 \u0111\u1ed3 ) : <\/strong><br \/>\n+ S\u1ed1 ph\u00f2ng : 02 ph\u00f2ng ng\u1ee7 ; <br \/>\n+ N\u1ed9i th\u1ea5t x\u1ecbn, phong c\u00e1ch Ch\u00e2u \u00c2u: Tivi LCD, Sofa, B\u00e0n gh\u1ebf, gi\u01b0\u1eddng, T\u1ee7 l\u1ea1nh side by side, M\u00e1y gi\u1eb7t Electrolux, l\u00f2 vi song\u2026. <br \/>\n<span style=\"color: #ff0000;\">+ Gi\u00e1 cho thu\u00ea: 950USD\/ th\u00e1ng.<\/span><br \/>\n<img src=\"https:\/\/homesland.vn\/blog\/wp-content\/uploads\/2017\/09\/88-lang-ha-6-1.jpg\" alt=\"\" width=\"200\" height=\"150\" class=\"aligncenter size-full wp-image-3079\" \/><br \/>\n<\/td>\n<\/tr>\n<\/tbody>\n<\/table>\n<!-- #tablepress-14 from cache -->\n<p style=\"text-align: center;\"><span style=\"font-size: 18pt; color: #003366;\"><strong>HOTLINE H\u1ed6 TR\u1ee2 T\u01af V\u1ea4N KH\u00c1CH H\u00c0NG 24\/7:<\/strong><\/span><\/p>\n<p style=\"text-align: center;\" data-tadv-p=\"keep\"><span style=\"font-size: 18pt;\"><span style=\"color: #ff0000;\">HOTLINE:<\/span> <strong><span style=\"color: #ff0000;\">09xx.xxx.xxx<\/span><\/strong><\/span><\/p>\n<p><span style=\"font-size: 14pt;\"><em>Ngo\u00e0i cho thu\u00ea chung c\u01b0 t\u1ea1i 88 L\u00e1ng H\u1ea1, Ch\u00fang t\u00f4i c\u0169ng \u0111ang <strong>b\u00e1n c\u0103n h\u1ed9 88 L\u00e1ng H\u1ea1<\/strong>, B\u1ea1n c\u00f3 th\u1ec3 xem qua danh s\u00e1ch c\u0103n h\u1ed9 88 l\u00e1ng h\u1ea1:\u00a0<a href=\"http:\/\/homesland.vn\/ban-skycity-88-lang-ha\">http:\/\/homesland.vn\/ban-skycity-88-lang-ha<\/a><\/em><\/span><\/p>\n","protected":false},"excerpt":{"rendered":"<p>HOMESLAND \u0111ang c\u1ea7n cho thu\u00ea chung c\u01b0 88 L\u00e1ng H\u1ea1 &#8211; Sky City Tower.\u00a0Khu c\u0103n h\u1ed9 88 L\u00e1ng H\u1ea1 g\u1ed3m 2 t\u00f2a th\u00e1p A &amp; B v\u1edbi c\u00e1c di\u1ec7n t\u00edch: 101m2 &#8211; 108m2 &#8211; 112m2 &#8211; 139m2 &#8211; 145m2 &#8211; 172m2.\u00a0 Khu c\u0103n h\u1ed9 c\u00f3 \u0111\u1ea7y \u0111\u1ee7 c\u00e1c d\u1ecbch v\u1ee5 \u0111i k\u00e8m nh\u01b0 Ng\u00e2n h\u00e0ng, Spa, b\u1ec3 b\u01a1i, ph\u00f2ng t\u1eadp, s\u00e2n ch\u01a1i cho tr\u1ebb em, h\u1ea7m g\u1eedi xe \u00f4 t\u00f4\u2026 \u00a0 G\u1eccI NGAY CHO CH\u00daNG T\u00d4I \u0110\u1ec2 \u0110\u01af\u1ee2C T\u01af V\u1ea4N V\u00c0 XEM \u00a0NH\u00c0: &nbsp; HOTLINE: 09xx.xxx.xxx\u00a0(H\u1ed7 tr\u1ee3 t\u01b0 v\u1ea5n 24\/7) DANH S\u00c1CH C\u0102N H\u1ed8 88 L\u00c1NG CH\u1ee6 NH\u00c0 G\u1eecI CHO <\/p>\n","protected":false},"author":3,"featured_media":0,"parent":0,"menu_order":0,"comment_status":"closed","ping_status":"closed","template":"page-nosidebar.php","meta":[],"yoast_head":"<!-- This site is optimized with the Yoast SEO plugin v19.13 - https:\/\/yoast.com\/wordpress\/plugins\/seo\/ -->\n<title>Cho thu\u00ea chung c\u01b0 88 L\u00e1ng H\u1ea1 - 2 &amp; 3 Ng\u1ee7 - Gi\u00e1 800 USD\/th\u00e1ng<\/title>\n<meta name=\"description\" content=\"H\u00f9ng Ph\u00e1t Land Cho thu\u00ea c\u0103n h\u1ed9 chung c\u01b0 88 L\u00e1ng H\u1ea1 -Sky City Tower, Di\u1ec7n t\u00edch 101m2 - 172m2. c\u0103n h\u1ed9 c\u00f3 2 - 3 ph\u00f2ng ng\u1ee7 \u0111\u00e1p \u1ee9ng \u0111\u1ea7y \u0111\u1ee7 nhu c\u1ea7u c\u1ee7a Kh\u00e1ch h\u00e0ng\" \/>\n<meta name=\"robots\" content=\"index, follow, max-snippet:-1, max-image-preview:large, max-video-preview:-1\" \/>\n<link rel=\"canonical\" href=\"https:\/\/homesland.vn\/blog\/cho-thue-chung-cu-88-lang-ha\" \/>\n<meta property=\"og:locale\" content=\"vi_VN\" \/>\n<meta property=\"og:type\" content=\"article\" \/>\n<meta property=\"og:title\" content=\"Cho thu\u00ea chung c\u01b0 88 L\u00e1ng H\u1ea1 - 2 &amp; 3 Ng\u1ee7 - Gi\u00e1 800 USD\/th\u00e1ng\" \/>\n<meta property=\"og:description\" content=\"H\u00f9ng Ph\u00e1t Land Cho thu\u00ea c\u0103n h\u1ed9 chung c\u01b0 88 L\u00e1ng H\u1ea1 -Sky City Tower, Di\u1ec7n t\u00edch 101m2 - 172m2. c\u0103n h\u1ed9 c\u00f3 2 - 3 ph\u00f2ng ng\u1ee7 \u0111\u00e1p \u1ee9ng \u0111\u1ea7y \u0111\u1ee7 nhu c\u1ea7u c\u1ee7a Kh\u00e1ch h\u00e0ng\" \/>\n<meta property=\"og:url\" content=\"https:\/\/homesland.vn\/blog\/cho-thue-chung-cu-88-lang-ha\" \/>\n<meta property=\"og:site_name\" content=\"HOMESLAND\" \/>\n<meta property=\"article:modified_time\" content=\"2022-07-04T14:21:30+00:00\" \/>\n<meta property=\"og:image\" content=\"http:\/\/homesland.vn\/blog\/wp-content\/uploads\/2017\/09\/tittle-vinhomes-1024x19.png\" \/>\n<meta name=\"twitter:card\" content=\"summary_large_image\" \/>\n<meta name=\"twitter:label1\" content=\"\u01af\u1edbc t\u00ednh th\u1eddi gian \u0111\u1ecdc\" \/>\n\t<meta name=\"twitter:data1\" content=\"1 ph\u00fat\" \/>\n<script type=\"application\/ld+json\" class=\"yoast-schema-graph\">{\"@context\":\"https:\/\/schema.org\",\"@graph\":[{\"@type\":\"WebPage\",\"@id\":\"https:\/\/homesland.vn\/blog\/cho-thue-chung-cu-88-lang-ha\",\"url\":\"https:\/\/homesland.vn\/blog\/cho-thue-chung-cu-88-lang-ha\",\"name\":\"Cho thu\u00ea chung c\u01b0 88 L\u00e1ng H\u1ea1 - 2 & 3 Ng\u1ee7 - Gi\u00e1 800 USD\/th\u00e1ng\",\"isPartOf\":{\"@id\":\"https:\/\/homesland.vn\/blog\/#website\"},\"datePublished\":\"2017-09-15T05:33:35+00:00\",\"dateModified\":\"2022-07-04T14:21:30+00:00\",\"description\":\"H\u00f9ng Ph\u00e1t Land Cho thu\u00ea c\u0103n h\u1ed9 chung c\u01b0 88 L\u00e1ng H\u1ea1 -Sky City Tower, Di\u1ec7n t\u00edch 101m2 - 172m2. c\u0103n h\u1ed9 c\u00f3 2 - 3 ph\u00f2ng ng\u1ee7 \u0111\u00e1p \u1ee9ng \u0111\u1ea7y \u0111\u1ee7 nhu c\u1ea7u c\u1ee7a Kh\u00e1ch h\u00e0ng\",\"breadcrumb\":{\"@id\":\"https:\/\/homesland.vn\/blog\/cho-thue-chung-cu-88-lang-ha#breadcrumb\"},\"inLanguage\":\"vi\",\"potentialAction\":[{\"@type\":\"ReadAction\",\"target\":[\"https:\/\/homesland.vn\/blog\/cho-thue-chung-cu-88-lang-ha\"]}]},{\"@type\":\"BreadcrumbList\",\"@id\":\"https:\/\/homesland.vn\/blog\/cho-thue-chung-cu-88-lang-ha#breadcrumb\",\"itemListElement\":[{\"@type\":\"ListItem\",\"position\":1,\"name\":\"Home\",\"item\":\"https:\/\/homesland.vn\/blog\/\"},{\"@type\":\"ListItem\",\"position\":2,\"name\":\"Cho thu\u00ea chung c\u01b0 88 L\u00e1ng H\u1ea1\"}]},{\"@type\":\"WebSite\",\"@id\":\"https:\/\/homesland.vn\/blog\/#website\",\"url\":\"https:\/\/homesland.vn\/blog\/\",\"name\":\"HOMESLAND\",\"description\":\"Real Estale\",\"potentialAction\":[{\"@type\":\"SearchAction\",\"target\":{\"@type\":\"EntryPoint\",\"urlTemplate\":\"https:\/\/homesland.vn\/blog\/?s={search_term_string}\"},\"query-input\":\"required name=search_term_string\"}],\"inLanguage\":\"vi\"}]}<\/script>\n<!-- \/ Yoast SEO plugin. -->","yoast_head_json":{"title":"Cho thu\u00ea chung c\u01b0 88 L\u00e1ng H\u1ea1 - 2 & 3 Ng\u1ee7 - Gi\u00e1 800 USD\/th\u00e1ng","description":"H\u00f9ng Ph\u00e1t Land Cho thu\u00ea c\u0103n h\u1ed9 chung c\u01b0 88 L\u00e1ng H\u1ea1 -Sky City Tower, Di\u1ec7n t\u00edch 101m2 - 172m2. c\u0103n h\u1ed9 c\u00f3 2 - 3 ph\u00f2ng ng\u1ee7 \u0111\u00e1p \u1ee9ng \u0111\u1ea7y \u0111\u1ee7 nhu c\u1ea7u c\u1ee7a Kh\u00e1ch h\u00e0ng","robots":{"index":"index","follow":"follow","max-snippet":"max-snippet:-1","max-image-preview":"max-image-preview:large","max-video-preview":"max-video-preview:-1"},"canonical":"https:\/\/homesland.vn\/blog\/cho-thue-chung-cu-88-lang-ha","og_locale":"vi_VN","og_type":"article","og_title":"Cho thu\u00ea chung c\u01b0 88 L\u00e1ng H\u1ea1 - 2 & 3 Ng\u1ee7 - Gi\u00e1 800 USD\/th\u00e1ng","og_description":"H\u00f9ng Ph\u00e1t Land Cho thu\u00ea c\u0103n h\u1ed9 chung c\u01b0 88 L\u00e1ng H\u1ea1 -Sky City Tower, Di\u1ec7n t\u00edch 101m2 - 172m2. c\u0103n h\u1ed9 c\u00f3 2 - 3 ph\u00f2ng ng\u1ee7 \u0111\u00e1p \u1ee9ng \u0111\u1ea7y \u0111\u1ee7 nhu c\u1ea7u c\u1ee7a Kh\u00e1ch h\u00e0ng","og_url":"https:\/\/homesland.vn\/blog\/cho-thue-chung-cu-88-lang-ha","og_site_name":"HOMESLAND","article_modified_time":"2022-07-04T14:21:30+00:00","og_image":[{"url":"http:\/\/homesland.vn\/blog\/wp-content\/uploads\/2017\/09\/tittle-vinhomes-1024x19.png"}],"twitter_card":"summary_large_image","twitter_misc":{"\u01af\u1edbc t\u00ednh th\u1eddi gian \u0111\u1ecdc":"1 ph\u00fat"},"schema":{"@context":"https:\/\/schema.org","@graph":[{"@type":"WebPage","@id":"https:\/\/homesland.vn\/blog\/cho-thue-chung-cu-88-lang-ha","url":"https:\/\/homesland.vn\/blog\/cho-thue-chung-cu-88-lang-ha","name":"Cho thu\u00ea chung c\u01b0 88 L\u00e1ng H\u1ea1 - 2 & 3 Ng\u1ee7 - Gi\u00e1 800 USD\/th\u00e1ng","isPartOf":{"@id":"https:\/\/homesland.vn\/blog\/#website"},"datePublished":"2017-09-15T05:33:35+00:00","dateModified":"2022-07-04T14:21:30+00:00","description":"H\u00f9ng Ph\u00e1t Land Cho thu\u00ea c\u0103n h\u1ed9 chung c\u01b0 88 L\u00e1ng H\u1ea1 -Sky City Tower, Di\u1ec7n t\u00edch 101m2 - 172m2. c\u0103n h\u1ed9 c\u00f3 2 - 3 ph\u00f2ng ng\u1ee7 \u0111\u00e1p \u1ee9ng \u0111\u1ea7y \u0111\u1ee7 nhu c\u1ea7u c\u1ee7a Kh\u00e1ch h\u00e0ng","breadcrumb":{"@id":"https:\/\/homesland.vn\/blog\/cho-thue-chung-cu-88-lang-ha#breadcrumb"},"inLanguage":"vi","potentialAction":[{"@type":"ReadAction","target":["https:\/\/homesland.vn\/blog\/cho-thue-chung-cu-88-lang-ha"]}]},{"@type":"BreadcrumbList","@id":"https:\/\/homesland.vn\/blog\/cho-thue-chung-cu-88-lang-ha#breadcrumb","itemListElement":[{"@type":"ListItem","position":1,"name":"Home","item":"https:\/\/homesland.vn\/blog\/"},{"@type":"ListItem","position":2,"name":"Cho thu\u00ea chung c\u01b0 88 L\u00e1ng H\u1ea1"}]},{"@type":"WebSite","@id":"https:\/\/homesland.vn\/blog\/#website","url":"https:\/\/homesland.vn\/blog\/","name":"HOMESLAND","description":"Real Estale","potentialAction":[{"@type":"SearchAction","target":{"@type":"EntryPoint","urlTemplate":"https:\/\/homesland.vn\/blog\/?s={search_term_string}"},"query-input":"required name=search_term_string"}],"inLanguage":"vi"}]}},"_links":{"self":[{"href":"https:\/\/homesland.vn\/blog\/wp-json\/wp\/v2\/pages\/3065"}],"collection":[{"href":"https:\/\/homesland.vn\/blog\/wp-json\/wp\/v2\/pages"}],"about":[{"href":"https:\/\/homesland.vn\/blog\/wp-json\/wp\/v2\/types\/page"}],"author":[{"embeddable":true,"href":"https:\/\/homesland.vn\/blog\/wp-json\/wp\/v2\/users\/3"}],"replies":[{"embeddable":true,"href":"https:\/\/homesland.vn\/blog\/wp-json\/wp\/v2\/comments?post=3065"}],"version-history":[{"count":10,"href":"https:\/\/homesland.vn\/blog\/wp-json\/wp\/v2\/pages\/3065\/revisions"}],"predecessor-version":[{"id":8731,"href":"https:\/\/homesland.vn\/blog\/wp-json\/wp\/v2\/pages\/3065\/revisions\/8731"}],"wp:attachment":[{"href":"https:\/\/homesland.vn\/blog\/wp-json\/wp\/v2\/media?parent=3065"}],"curies":[{"name":"wp","href":"https:\/\/api.w.org\/{rel}","templated":true}]}}